{"id":7,"date":"2022-03-07T15:36:29","date_gmt":"2022-03-07T14:36:29","guid":{"rendered":"https:\/\/www.penzionucechov.sk\/?page_id=7"},"modified":"2022-10-13T12:02:03","modified_gmt":"2022-10-13T10:02:03","slug":"vitajte-v-penzione-u-cechov","status":"publish","type":"page","link":"https:\/\/www.penzionucechov.sk\/","title":{"rendered":"Relax v srdci \u00c1belovej"},"content":{"rendered":"\n<h2 class=\"alignwide has-text-align-wide has-gigantic-font-size\" style=\"line-height:1.1\"><\/h2>\n\n\n\n<div class=\"wp-block-columns alignfull are-vertically-aligned-center is-style-twentytwentyone-columns-overlap\">\n<div class=\"wp-block-column is-vertically-aligned-center\"><\/div>\n<\/div>\n\n\n\n<div class=\"wp-block-columns alignwide are-vertically-aligned-top\">\n<div class=\"wp-block-column is-vertically-aligned-top\">\n<h3><\/h3>\n\n\n\n<p class=\"has-text-align-left\">PENZI\u00d3N U \u010cECHOV &#8211; novobudovan\u00fd are\u00e1l ur\u010den\u00fd pre odpo\u010dinok a relax nach\u00e1dzaj\u00faci sa v lone \u010distej a nedotknutej pr\u00edrody, v kr\u00e1snom prostred\u00ed Novohradu, v obci \u00c1belov\u00e1. Penzi\u00f3n realizujeme so zachovan\u00edm prvkov p\u00f4vodnej architekt\u00fary jednej z domin\u00e1nt na\u0161ej obce \u2013 tov\u00e1rne na bryndzu, ktor\u00e1 bola v obci postaven\u00e1 za\u010diatkom 20. storo\u010dia. Penzi\u00f3n bude pozost\u00e1va\u0165 z re\u0161taura\u010dnej \u010dasti pre cca 50 host\u00ed, s vlastnou presklenou kuchy\u0148ou v\u010faka \u010domu budete m\u00f4c\u0165 pozorova\u0165 pr\u00edpravu V\u00e1\u0161ho jedla<br>z \u010derstv\u00fdch dom\u00e1cich surov\u00edn.<\/p>\n<\/div>\n\n\n\n<div class=\"wp-block-column is-vertically-aligned-top\">\n<p><\/p>\n\n\n\n<p class=\"has-text-align-left\"> Re\u0161taur\u00e1cia bude spojen\u00e1 s denn\u00fdm barom, kaviarni\u010dkou, zimnou z\u00e1hradou, detsk\u00fdm k\u00fatikom a vonkaj\u0161ou terasou. Neodmyslite\u013enou s\u00fa\u010das\u0165ou Penzi\u00f3nu bude WELLNESS centrum pre cca 15 host\u00ed, v ktorom si odd\u00fdchnete vo vonkaj\u0161ej i vn\u00fatornej v\u00edrivke, zrelaxujete v saunovom svete s tromi druhmi s\u00e1un a oddychovej miestnosti s muzikoterapiou.V are\u00e1li Penzi\u00f3nu n\u00e1jdete tie\u017e rozsiahle multifunk\u010dn\u00e9 ihrisko a outdoorov\u00e9 fitness centrum. Tento priestor bude z\u00e1rove\u0148 vyu\u017eite\u013en\u00fd na svadby, rodinn\u00e9 oslavy, recepcie \u010di firemn\u00e9 akcie alebo in\u00e9 kult\u00farne a spolo\u010densk\u00e9 podujatia.<br><\/p>\n<\/div>\n\n\n\n<div class=\"wp-block-column is-vertically-aligned-top\">\n<p><\/p>\n\n\n\n<p>Pripravujeme pre V\u00e1s aj luxusn\u00e9 a priestrann\u00e9 izby a apartm\u00e1ny s kapacitou a\u017e pre 34 host\u00ed, v ktor\u00fdch budete m\u00f4c\u0165 vyu\u017ei\u0165 i na\u0161e ubytovacie slu\u017eby. Te\u0161\u00edme sa na V\u00e1s.<\/p>\n<\/div>\n<\/div>\n\n\n\n<div style=\"height:100px\" aria-hidden=\"true\" class=\"wp-block-spacer\"><\/div>\n\n\n\n<figure class=\"wp-block-image size-large is-resized\"><img src=\"https:\/\/www.penzionucechov.sk\/wp-content\/uploads\/2022\/04\/Penzion-u-Cechov2-edited-scaled.jpg\" alt=\"\" class=\"wp-image-129\" width=\"1380\" srcset=\"https:\/\/www.penzionucechov.sk\/wp-content\/uploads\/2022\/04\/Penzion-u-Cechov2-edited-scaled.jpg 2560w, https:\/\/www.penzionucechov.sk\/wp-content\/uploads\/2022\/04\/Penzion-u-Cechov2-edited-300x145.jpg 300w, https:\/\/www.penzionucechov.sk\/wp-content\/uploads\/2022\/04\/Penzion-u-Cechov2-edited-1024x494.jpg 1024w, https:\/\/www.penzionucechov.sk\/wp-content\/uploads\/2022\/04\/Penzion-u-Cechov2-edited-768x371.jpg 768w, https:\/\/www.penzionucechov.sk\/wp-content\/uploads\/2022\/04\/Penzion-u-Cechov2-edited-1536x741.jpg 1536w, https:\/\/www.penzionucechov.sk\/wp-content\/uploads\/2022\/04\/Penzion-u-Cechov2-edited-2048x988.jpg 2048w\" sizes=\"(max-width: 2560px) 100vw, 2560px\" \/><\/figure>\n\n\n\n<figure class=\"wp-block-image size-large is-resized\"><img loading=\"lazy\" src=\"https:\/\/www.penzionucechov.sk\/wp-content\/uploads\/2022\/04\/Penzion-u-Cechov_zhora-1024x608.jpg\" alt=\"\" class=\"wp-image-50\" width=\"1380\" height=\"819\" srcset=\"https:\/\/www.penzionucechov.sk\/wp-content\/uploads\/2022\/04\/Penzion-u-Cechov_zhora-1024x608.jpg 1024w, https:\/\/www.penzionucechov.sk\/wp-content\/uploads\/2022\/04\/Penzion-u-Cechov_zhora-300x178.jpg 300w, https:\/\/www.penzionucechov.sk\/wp-content\/uploads\/2022\/04\/Penzion-u-Cechov_zhora-768x456.jpg 768w, https:\/\/www.penzionucechov.sk\/wp-content\/uploads\/2022\/04\/Penzion-u-Cechov_zhora-1536x911.jpg 1536w, https:\/\/www.penzionucechov.sk\/wp-content\/uploads\/2022\/04\/Penzion-u-Cechov_zhora-2048x1215.jpg 2048w\" sizes=\"(max-width: 1380px) 100vw, 1380px\" \/><\/figure>\n","protected":false},"excerpt":{"rendered":"<p>PENZI\u00d3N U \u010cECHOV &#8211; novobudovan\u00fd are\u00e1l ur\u010den\u00fd pre odpo\u010dinok a relax nach\u00e1dzaj\u00faci sa v lone \u010distej a nedotknutej pr\u00edrody, v kr\u00e1snom prostred\u00ed Novohradu, v obci \u00c1belov\u00e1. Penzi\u00f3n realizujeme so zachovan\u00edm prvkov p\u00f4vodnej architekt\u00fary jednej z domin\u00e1nt na\u0161ej obce \u2013 tov\u00e1rne na bryndzu, ktor\u00e1 bola v obci postaven\u00e1 za\u010diatkom 20. storo\u010dia. Penzi\u00f3n bude pozost\u00e1va\u0165 z re\u0161taura\u010dnej [&hellip;]<\/p>\n","protected":false},"author":1,"featured_media":0,"parent":0,"menu_order":0,"comment_status":"closed","ping_status":"closed","template":"","meta":{"_monsterinsights_skip_tracking":false,"_monsterinsights_sitenote_active":false,"_monsterinsights_sitenote_note":"","_monsterinsights_sitenote_category":0},"yoast_head":"<!-- This site is optimized with the Yoast SEO plugin v18.2 - https:\/\/yoast.com\/wordpress\/plugins\/seo\/ -->\n<title>Relax v srdci \u00c1belovej - penzionucechov<\/title>\n<meta name=\"description\" content=\"penzionucechov penzi\u00f3n u \u010cechov\" \/>\n<meta name=\"robots\" content=\"index, follow, max-snippet:-1, max-image-preview:large, max-video-preview:-1\" \/>\n<link rel=\"canonical\" href=\"https:\/\/www.penzionucechov.sk\/\" \/>\n<meta property=\"og:locale\" content=\"sk_SK\" \/>\n<meta property=\"og:type\" content=\"article\" \/>\n<meta property=\"og:title\" content=\"Relax v srdci \u00c1belovej - penzionucechov\" \/>\n<meta property=\"og:description\" content=\"penzionucechov penzi\u00f3n u \u010cechov\" \/>\n<meta property=\"og:url\" content=\"https:\/\/www.penzionucechov.sk\/\" \/>\n<meta property=\"og:site_name\" content=\"penzionucechov\" \/>\n<meta property=\"article:modified_time\" content=\"2022-10-13T10:02:03+00:00\" \/>\n<meta property=\"og:image\" content=\"https:\/\/www.penzionucechov.sk\/wp-content\/uploads\/2022\/04\/Penzion-u-Cechov2-edited-scaled.jpg\" \/>\n<meta name=\"twitter:card\" content=\"summary_large_image\" \/>\n<meta name=\"twitter:label1\" content=\"Predpokladan\u00fd \u010das \u010d\u00edtania\" \/>\n\t<meta name=\"twitter:data1\" content=\"2 min\u00faty\" \/>\n<script type=\"application\/ld+json\" class=\"yoast-schema-graph\">{\"@context\":\"https:\/\/schema.org\",\"@graph\":[{\"@type\":\"WebSite\",\"@id\":\"https:\/\/www.penzionucechov.sk\/#website\",\"url\":\"https:\/\/www.penzionucechov.sk\/\",\"name\":\"penzionucechov\",\"description\":\"vitajte v penzi\u00f3ne u \u010cechov\",\"potentialAction\":[{\"@type\":\"SearchAction\",\"target\":{\"@type\":\"EntryPoint\",\"urlTemplate\":\"https:\/\/www.penzionucechov.sk\/?s={search_term_string}\"},\"query-input\":\"required name=search_term_string\"}],\"inLanguage\":\"sk-SK\"},{\"@type\":\"ImageObject\",\"@id\":\"https:\/\/www.penzionucechov.sk\/#primaryimage\",\"inLanguage\":\"sk-SK\",\"url\":\"https:\/\/www.penzionucechov.sk\/wp-content\/uploads\/2022\/04\/Penzion-u-Cechov2-edited-scaled.jpg\",\"contentUrl\":\"https:\/\/www.penzionucechov.sk\/wp-content\/uploads\/2022\/04\/Penzion-u-Cechov2-edited-scaled.jpg\",\"width\":2560,\"height\":1235},{\"@type\":\"WebPage\",\"@id\":\"https:\/\/www.penzionucechov.sk\/#webpage\",\"url\":\"https:\/\/www.penzionucechov.sk\/\",\"name\":\"Relax v srdci \u00c1belovej - penzionucechov\",\"isPartOf\":{\"@id\":\"https:\/\/www.penzionucechov.sk\/#website\"},\"primaryImageOfPage\":{\"@id\":\"https:\/\/www.penzionucechov.sk\/#primaryimage\"},\"datePublished\":\"2022-03-07T14:36:29+00:00\",\"dateModified\":\"2022-10-13T10:02:03+00:00\",\"description\":\"penzionucechov penzi\u00f3n u \u010cechov\",\"breadcrumb\":{\"@id\":\"https:\/\/www.penzionucechov.sk\/#breadcrumb\"},\"inLanguage\":\"sk-SK\",\"potentialAction\":[{\"@type\":\"ReadAction\",\"target\":[\"https:\/\/www.penzionucechov.sk\/\"]}]},{\"@type\":\"BreadcrumbList\",\"@id\":\"https:\/\/www.penzionucechov.sk\/#breadcrumb\",\"itemListElement\":[{\"@type\":\"ListItem\",\"position\":1,\"name\":\"Home\",\"item\":\"https:\/\/www.penzionucechov.sk\/\"},{\"@type\":\"ListItem\",\"position\":2,\"name\":\"Relax v srdci \u00c1belovej\"}]}]}<\/script>\n<!-- \/ Yoast SEO plugin. -->","yoast_head_json":{"title":"Relax v srdci \u00c1belovej - penzionucechov","description":"penzionucechov penzi\u00f3n u \u010cechov","robots":{"index":"index","follow":"follow","max-snippet":"max-snippet:-1","max-image-preview":"max-image-preview:large","max-video-preview":"max-video-preview:-1"},"canonical":"https:\/\/www.penzionucechov.sk\/","og_locale":"sk_SK","og_type":"article","og_title":"Relax v srdci \u00c1belovej - penzionucechov","og_description":"penzionucechov penzi\u00f3n u \u010cechov","og_url":"https:\/\/www.penzionucechov.sk\/","og_site_name":"penzionucechov","article_modified_time":"2022-10-13T10:02:03+00:00","og_image":[{"url":"https:\/\/www.penzionucechov.sk\/wp-content\/uploads\/2022\/04\/Penzion-u-Cechov2-edited-scaled.jpg"}],"twitter_card":"summary_large_image","twitter_misc":{"Predpokladan\u00fd \u010das \u010d\u00edtania":"2 min\u00faty"},"schema":{"@context":"https:\/\/schema.org","@graph":[{"@type":"WebSite","@id":"https:\/\/www.penzionucechov.sk\/#website","url":"https:\/\/www.penzionucechov.sk\/","name":"penzionucechov","description":"vitajte v penzi\u00f3ne u \u010cechov","potentialAction":[{"@type":"SearchAction","target":{"@type":"EntryPoint","urlTemplate":"https:\/\/www.penzionucechov.sk\/?s={search_term_string}"},"query-input":"required name=search_term_string"}],"inLanguage":"sk-SK"},{"@type":"ImageObject","@id":"https:\/\/www.penzionucechov.sk\/#primaryimage","inLanguage":"sk-SK","url":"https:\/\/www.penzionucechov.sk\/wp-content\/uploads\/2022\/04\/Penzion-u-Cechov2-edited-scaled.jpg","contentUrl":"https:\/\/www.penzionucechov.sk\/wp-content\/uploads\/2022\/04\/Penzion-u-Cechov2-edited-scaled.jpg","width":2560,"height":1235},{"@type":"WebPage","@id":"https:\/\/www.penzionucechov.sk\/#webpage","url":"https:\/\/www.penzionucechov.sk\/","name":"Relax v srdci \u00c1belovej - penzionucechov","isPartOf":{"@id":"https:\/\/www.penzionucechov.sk\/#website"},"primaryImageOfPage":{"@id":"https:\/\/www.penzionucechov.sk\/#primaryimage"},"datePublished":"2022-03-07T14:36:29+00:00","dateModified":"2022-10-13T10:02:03+00:00","description":"penzionucechov penzi\u00f3n u \u010cechov","breadcrumb":{"@id":"https:\/\/www.penzionucechov.sk\/#breadcrumb"},"inLanguage":"sk-SK","potentialAction":[{"@type":"ReadAction","target":["https:\/\/www.penzionucechov.sk\/"]}]},{"@type":"BreadcrumbList","@id":"https:\/\/www.penzionucechov.sk\/#breadcrumb","itemListElement":[{"@type":"ListItem","position":1,"name":"Home","item":"https:\/\/www.penzionucechov.sk\/"},{"@type":"ListItem","position":2,"name":"Relax v srdci \u00c1belovej"}]}]}},"_links":{"self":[{"href":"https:\/\/www.penzionucechov.sk\/index.php?rest_route=\/wp\/v2\/pages\/7"}],"collection":[{"href":"https:\/\/www.penzionucechov.sk\/index.php?rest_route=\/wp\/v2\/pages"}],"about":[{"href":"https:\/\/www.penzionucechov.sk\/index.php?rest_route=\/wp\/v2\/types\/page"}],"author":[{"embeddable":true,"href":"https:\/\/www.penzionucechov.sk\/index.php?rest_route=\/wp\/v2\/users\/1"}],"replies":[{"embeddable":true,"href":"https:\/\/www.penzionucechov.sk\/index.php?rest_route=%2Fwp%2Fv2%2Fcomments&post=7"}],"version-history":[{"count":7,"href":"https:\/\/www.penzionucechov.sk\/index.php?rest_route=\/wp\/v2\/pages\/7\/revisions"}],"predecessor-version":[{"id":210,"href":"https:\/\/www.penzionucechov.sk\/index.php?rest_route=\/wp\/v2\/pages\/7\/revisions\/210"}],"wp:attachment":[{"href":"https:\/\/www.penzionucechov.sk\/index.php?rest_route=%2Fwp%2Fv2%2Fmedia&parent=7"}],"curies":[{"name":"wp","href":"https:\/\/api.w.org\/{rel}","templated":true}]}}

Relax v srdci Ábelovej

<h2 class="alignwide has-text-align-wide has-gigantic-font-size" style="line-height:1.1"></h2>



<div class="wp-block-columns alignfull are-vertically-aligned-center is-style-twentytwentyone-columns-overlap">
<div class="wp-block-column is-vertically-aligned-center"></div>
</div>



<div class="wp-block-columns alignwide are-vertically-aligned-top">
<div class="wp-block-column is-vertically-aligned-top">
<h3></h3>



<p class="has-text-align-left">PENZIÓN U ČECHOV &#8211; novobudovaný areál určený pre odpočinok a relax nachádzajúci sa v lone čistej a nedotknutej prírody, v krásnom prostredí Novohradu, v obci Ábelová. Penzión realizujeme so zachovaním prvkov pôvodnej architektúry jednej z dominánt našej obce – továrne na bryndzu, ktorá bola v obci postavená začiatkom 20. storočia. Penzión bude pozostávať z reštauračnej časti pre cca 50 hostí, s vlastnou presklenou kuchyňou vďaka čomu budete môcť pozorovať prípravu Vášho jedla<br>z čerstvých domácich surovín.</p>
</div>



<div class="wp-block-column is-vertically-aligned-top">
<p></p>



<p class="has-text-align-left"> Reštaurácia bude spojená s denným barom, kaviarničkou, zimnou záhradou, detským kútikom a vonkajšou terasou. Neodmysliteľnou súčasťou Penziónu bude WELLNESS centrum pre cca 15 hostí, v ktorom si oddýchnete vo vonkajšej i vnútornej vírivke, zrelaxujete v saunovom svete s tromi druhmi sáun a oddychovej miestnosti s muzikoterapiou.V areáli Penziónu nájdete tiež rozsiahle multifunkčné ihrisko a outdoorové fitness centrum. Tento priestor bude zároveň využiteľný na svadby, rodinné oslavy, recepcie či firemné akcie alebo iné kultúrne a spoločenské podujatia.<br></p>
</div>



<div class="wp-block-column is-vertically-aligned-top">
<p></p>



<p>Pripravujeme pre Vás aj luxusné a priestranné izby a apartmány s kapacitou až pre 34 hostí, v ktorých budete môcť využiť i naše ubytovacie služby. Tešíme sa na Vás.</p>
</div>
</div>



<div style="height:100px" aria-hidden="true" class="wp-block-spacer"></div>



<figure class="wp-block-image size-large is-resized"><img src="https://www.penzionucechov.sk/wp-content/uploads/2022/04/Penzion-u-Cechov2-edited-scaled.jpg" alt="" class="wp-image-129" width="1380" srcset="https://www.penzionucechov.sk/wp-content/uploads/2022/04/Penzion-u-Cechov2-edited-scaled.jpg 2560w, https://www.penzionucechov.sk/wp-content/uploads/2022/04/Penzion-u-Cechov2-edited-300x145.jpg 300w, https://www.penzionucechov.sk/wp-content/uploads/2022/04/Penzion-u-Cechov2-edited-1024x494.jpg 1024w, https://www.penzionucechov.sk/wp-content/uploads/2022/04/Penzion-u-Cechov2-edited-768x371.jpg 768w, https://www.penzionucechov.sk/wp-content/uploads/2022/04/Penzion-u-Cechov2-edited-1536x741.jpg 1536w, https://www.penzionucechov.sk/wp-content/uploads/2022/04/Penzion-u-Cechov2-edited-2048x988.jpg 2048w" sizes="(max-width: 2560px) 100vw, 2560px" /></figure>



<figure class="wp-block-image size-large is-resized"><img loading="lazy" src="https://www.penzionucechov.sk/wp-content/uploads/2022/04/Penzion-u-Cechov_zhora-1024x608.jpg" alt="" class="wp-image-50" width="1380" height="819" srcset="https://www.penzionucechov.sk/wp-content/uploads/2022/04/Penzion-u-Cechov_zhora-1024x608.jpg 1024w, https://www.penzionucechov.sk/wp-content/uploads/2022/04/Penzion-u-Cechov_zhora-300x178.jpg 300w, https://www.penzionucechov.sk/wp-content/uploads/2022/04/Penzion-u-Cechov_zhora-768x456.jpg 768w, https://www.penzionucechov.sk/wp-content/uploads/2022/04/Penzion-u-Cechov_zhora-1536x911.jpg 1536w, https://www.penzionucechov.sk/wp-content/uploads/2022/04/Penzion-u-Cechov_zhora-2048x1215.jpg 2048w" sizes="(max-width: 1380px) 100vw, 1380px" /></figure>

<p>PENZIÓN U ČECHOV &#8211; novobudovaný areál určený pre odpočinok a relax nachádzajúci sa v lone čistej a nedotknutej prírody, v krásnom prostredí Novohradu, v obci Ábelová. Penzión realizujeme so zachovaním prvkov pôvodnej architektúry jednej z dominánt našej obce – továrne na bryndzu, ktorá bola v obci postavená začiatkom 20. storočia. Penzión bude pozostávať z reštauračnej [&hellip;]</p>

<!-- This site is optimized with the Yoast SEO plugin v18.2 - https://yoast.com/wordpress/plugins/seo/ -->
<title>Relax v srdci Ábelovej - penzionucechov</title>
<meta name="description" content="penzionucechov penzión u Čechov" />
<meta name="robots" content="index, follow, max-snippet:-1, max-image-preview:large, max-video-preview:-1" />
<link rel="canonical" href="https://www.penzionucechov.sk/" />
<meta property="og:locale" content="sk_SK" />
<meta property="og:type" content="article" />
<meta property="og:title" content="Relax v srdci Ábelovej - penzionucechov" />
<meta property="og:description" content="penzionucechov penzión u Čechov" />
<meta property="og:url" content="https://www.penzionucechov.sk/" />
<meta property="og:site_name" content="penzionucechov" />
<meta property="article:modified_time" content="2022-10-13T10:02:03+00:00" />
<meta property="og:image" content="https://www.penzionucechov.sk/wp-content/uploads/2022/04/Penzion-u-Cechov2-edited-scaled.jpg" />
<meta name="twitter:card" content="summary_large_image" />
<meta name="twitter:label1" content="Predpokladaný čas čítania" />
	<meta name="twitter:data1" content="2 minúty" />
<script type="application/ld+json" class="yoast-schema-graph">{"@context":"https://schema.org","@graph":[{"@type":"WebSite","@id":"https://www.penzionucechov.sk/#website","url":"https://www.penzionucechov.sk/","name":"penzionucechov","description":"vitajte v penzióne u Čechov","potentialAction":[{"@type":"SearchAction","target":{"@type":"EntryPoint","urlTemplate":"https://www.penzionucechov.sk/?s={search_term_string}"},"query-input":"required name=search_term_string"}],"inLanguage":"sk-SK"},{"@type":"ImageObject","@id":"https://www.penzionucechov.sk/#primaryimage","inLanguage":"sk-SK","url":"https://www.penzionucechov.sk/wp-content/uploads/2022/04/Penzion-u-Cechov2-edited-scaled.jpg","contentUrl":"https://www.penzionucechov.sk/wp-content/uploads/2022/04/Penzion-u-Cechov2-edited-scaled.jpg","width":2560,"height":1235},{"@type":"WebPage","@id":"https://www.penzionucechov.sk/#webpage","url":"https://www.penzionucechov.sk/","name":"Relax v srdci Ábelovej - penzionucechov","isPartOf":{"@id":"https://www.penzionucechov.sk/#website"},"primaryImageOfPage":{"@id":"https://www.penzionucechov.sk/#primaryimage"},"datePublished":"2022-03-07T14:36:29+00:00","dateModified":"2022-10-13T10:02:03+00:00","description":"penzionucechov penzión u Čechov","breadcrumb":{"@id":"https://www.penzionucechov.sk/#breadcrumb"},"inLanguage":"sk-SK","potentialAction":[{"@type":"ReadAction","target":["https://www.penzionucechov.sk/"]}]},{"@type":"BreadcrumbList","@id":"https://www.penzionucechov.sk/#breadcrumb","itemListElement":[{"@type":"ListItem","position":1,"name":"Home","item":"https://www.penzionucechov.sk/"},{"@type":"ListItem","position":2,"name":"Relax v srdci Ábelovej"}]}]}</script>
<!-- / Yoast SEO plugin. -->

Relax v srdci Ábelovej - penzionucechov

penzionucechov penzión u Čechov

2 minúty

vitajte v penzióne u Čechov
